d 460245.
503
Calculate the greatest common divisor of 450 and 81720.
90
Calculate the highest common divisor of 250588 and 13.
13
What is the greatest common divisor of 58 and 70528?
58
What is the greatest common divisor of 519 and 1525341?
519
What is the highest common divisor of 1344 and 1760?
32
Calculate the greatest common factor of 155 and 12679.
31
What is the highest common divisor of 54837 and 29111?
677
Calculate the highest common factor of 118086 and 18.
6
Calculate the highest common factor of 3577 and 160381.
73
What is the highest common divisor of 12976 and 24?
8
Calculate the greatest common factor of 736504 and 8.
8
What is the greatest common divisor of 133714 and 14?
14
Calculate the highest common factor of 39957 and 49771.
701
Calculate the highest common factor of 197078 and 784.
98
What is the highest common factor of 3341 and 130?
13
Calculate the greatest common divisor of 3504 and 816.
48
What is the highest common factor of 525 and 225?
75
What is the greatest common factor of 375 and 46800?
75
What is the highest common divisor of 9517944 and 24?
24
Calculate the greatest common factor of 32322 and 78.
6
What is the greatest common divisor of 187 and 1265?
11
What is the highest common divisor of 637552 and 144?
16
Calculate the greatest common factor of 29025 and 1425.
75
What is the greatest common factor of 7029 and 3408?
213
Calculate the greatest common divisor of 385 and 2605.
5
Calculate the greatest common divisor of 164230 and 44.
22
What is the greatest common divisor of 392592 and 1728?
48
Calculate the greatest common divisor of 47685 and 1199.
11
Calculate the highest common divisor of 19 and 8797.
19
What is the highest common divisor of 2343 and 213?
213
What is the greatest common factor of 103440 and 105?
15
What is the greatest common factor of 4 and 8948?
4
Calculate the greatest common factor of 43230 and 18480.
330
Calculate the greatest common factor of 94026 and 12.
6
What is the greatest common factor of 2796976 and 208?
208
Calculate the greatest common divisor of 3597 and 561.
33
Calculate the greatest common divisor of 7130 and 139190.
310
What is the highest common factor of 430 and 1467805?
215
What is the greatest common factor of 25833 and 6399?
237
What is the greatest common divisor of 771 and 300?
3
Calculate the greatest common divisor of 9880 and 80.
40
What is the highest common factor of 2448 and 21556?
68
Calculate the greatest common divisor of 135 and 263385.
135
What is the greatest common factor of 4656 and 840?
24
What is the greatest common factor of 22848 and 126?
42
What is the greatest common divisor of 29660 and 20?
20
What is the greatest common divisor of 11880 and 4268?
44
What is the highest common divisor of 4147 and 16356?
29
Calculate the highest common factor of 35 and 22225.
35
What is the highest common divisor of 508 and 38481?
127
Calculate the greatest common factor of 194 and 122317.
97
What is the greatest common factor of 154696 and 3416?
488
What is the highest common divisor of 818531 and 14?
7
What is the highest common divisor of 190788 and 11076?
156
Calculate the greatest common divisor of 3135 and 1079595.
165
Calculate the highest common factor of 1849 and 5160.
43
What is the highest common divisor of 68 and 521628?
68
Calculate the greatest common factor of 76626 and 198.
198
What is the highest common divisor of 54 and 738207?
27
What is the greatest common factor of 4706 and 234?
26
What is the greatest common factor of 250 and 261650?
50
What is the greatest common factor of 1624 and 44184?
56
What is the greatest common divisor of 9217674 and 18?
18
What is the greatest common divisor of 192 and 21576?
24
Calculate the highest common factor of 109406 and 1606.
22
What is the highest common factor of 3400 and 56?
8
What is the highest common factor of 133848 and 156?
156
Calculate the highest common divisor of 18350 and 3200.
50
Calculate the highest common factor of 141 and 2082711.
141
What is the greatest common factor of 6859 and 4579?
19
What is the highest common factor of 8 and 330616?
8
What is the highest common divisor of 110 and 18172?
22
What is the greatest common divisor of 28310 and 285?
95
Calculate the highest common factor of 18906 and 6486.
138
Calculate the greatest common factor of 2415386 and 382.
382
Calculate the highest common divisor of 54703 and 55.
11
What is the greatest common factor of 1165755 and 15?
15
What is the greatest common divisor of 20 and 2642?
2
Calculate the greatest common factor of 118 and 37288.
118
What is the highest common divisor of 2565 and 417240?
855
What is the greatest common divisor of 580 and 1682?
58
What is the greatest common divisor of 244 and 1644?
4
Calculate the highest common factor of 2353 and 24616.
181
What is the highest common divisor of 4093186 and 2692?
1346
Calculate the highest common divisor of 2123 and 20265.
193
What is the highest common factor of 6915 and 4082616?
1383
Calculate the highest common factor of 1434 and 10076718.
1434
Calculate the highest common divisor of 138010 and 740.
370
Calculate the highest common factor of 54043 and 33286.
187
What is the greatest common factor of 3900 and 3991?
13
Calculate the greatest common factor of 399 and 15105.
57
What is the greatest common divisor of 46 and 50458?
2
Calculate the greatest common factor of 58257 and 2.
1
What is the highest common divisor of 16152 and 192?
24
Calculate the greatest common factor of 97051 and 129.
43
Calculate the highest common divisor of 15288 and 686.
98
Calculate the highest common factor of 124558 and 31.
31
What is the highest common divisor of 100685 and 195?
65
What is the highest common factor of 2253 and 5?
1
Calculate the greatest common divisor of 193625 and 425.
25
What is the highest common factor of 50621 and 44719?
227
What is the greatest common divisor of 154585 and 30?
5
What is the highest common divisor of 98752 and 384?
64
Calculate the highest common factor of 1475 and 225.
25
What is the highest common divisor of 59 and 24285167?
59
Calculate the highest common divisor of 8480 and 7760.
80
What is the greatest common factor of 7800 and 46150?
650
Calculate the highest common divisor of 247197 and 51.
51
Calculate the greatest common divisor of 11 and 35233.
11
What is the greatest common divisor of 309632 and 2832?
944
Calculate the highest common divisor of 15768929 and 11.
11
What is the greatest common factor of 149040 and 207?
207
What is the highest common divisor of 3944 and 1624?
232
Calculate the greatest common divisor of 792 and 32184.
72
Calculate the highest common factor of 312 and 43264.
104
Calculate the highest common divisor of 96 and 195900.
12
What is the highest common divisor of 604453 and 2869?
151
Calculate the highest common factor of 380134 and 1846.
142
What is the highest common divisor of 4825 and 2123?
193
Calculate the greatest common divisor of 2150 and 1118.
86
What is the highest common factor of 23 and 1414937?
23
Calculate the greatest common divisor of 78298 and 198.
22
Calculate the greatest common divisor of 16766 and 11009.
101
Calculate the greatest common factor of 1422 and 195762.
474
Calculate the greatest common factor of 176 and 104704.
16
What is the greatest common factor of 3216 and 1200?
48
What is the highest common divisor of 939 and 7199?
313
What is the highest common divisor of 438449 and 1012?
253
What is the greatest common factor of 8613 and 370997?
319
Calculate the highest common factor of 34136 and 7344.
136
Calculate the highest common divisor of 95 and 46700.
5
What is the greatest common divisor of 606 and 12479358?
606
Calculate the highest common divisor of 569171 and 74.
37
What is the greatest common factor of 7661 and 893?
47
What is the greatest common divisor of 2893 and 66?
11
Calculate the greatest common factor of 1424 and 10768.
16
What is the highest common divisor of 36181 and 485?
97
What is the highest common factor of 854040 and 1650?
330
What is the greatest common factor of 8364 and 314388?
492
What is the greatest common divisor of 80093 and 4392?
61
What is the highest common divisor of 54 and 3150054?
18
Calculate the greatest common divisor of 3813 and 136617.
93
Ca